Let w be g(-4). What is the greatest common factor of 81 and w?
9
Suppose -7*f = -3*f - 40. What is the highest common factor of f and 30?
10
Let a = 30 + -18. Suppose 0 = -3*j + 5*o + 22, 2*j - 3*j - 4*o - 4 = 0. Let u(p) = 7*p - 4. Let b be u(j). Calculate the highest common factor of b and a.
12
Suppose h - 20 = 2. Calculate the greatest common factor of h and 242.
22
Let k(l) = -2*l**3 - 3*l**2 - 2*l + 1. Let i be k(-2). What is the highest common divisor of 63 and i?
9
Let y(d) be the second derivative of -d**5/20 - d**4/3 - d**3/2 + 5*d**2/2 + 3*d. Let c be y(-5). Calculate the greatest common factor of c and 9.
9
Suppose 9 = 2*l - 79. Suppose o + 42 = 4*y - 16, 0 = -3*y + o + l. Calculate the greatest common divisor of y and 7.
7
Let j be (-3)/2*(-1 + (0 - 245)). What is the highest common factor of 41 and j?
41
Suppose -54 = 5*y - 7*y. What is the greatest common divisor of y and 54?
27
Let f(v) = -v**3 + 4*v**2 + 6*v - 4. Let g be f(4). Calculate the greatest common factor of g and 20.
20
Let g(k) = -3*k**2 - 10*k - 2. Let h(z) = -7*z**2 - 21*z - 3. Let f(p) = 5*g(p) - 2*h(p). Let n be f(-4). What is the highest common factor of 2 and n?
2
Let w = 6 + 12. Let j(z) = -z**3 - 9*z**2 + 18*z - 26. Let l be j(-11). What is the highest common factor of w and l?
18
Suppose -3*w - 5 = 2*w - 3*g, -30 = -5*w - 4*g. Let f(s) = -s + 42. Let a be f(0). Let l be 5*a*w/20. Calculate the highest common divisor of 21 and l.
21
Let g(q) = q**3 - 5*q + 2. Let c be g(3). What is the greatest common divisor of c and 98?
14
Let w be ((-60)/8)/(-5)*14. Calculate the highest common factor of w and 7.
7
Suppose 4*z = 5*z + 4*m + 157, 0 = -z - 3*m - 158. Let b = 225 + z. What is the highest common divisor of 8 and b?
8
Let w = 24 - -3. What is the highest common divisor of w and 9?
9
Let w = -72 + 77. Let h(d) = 2*d - 1. Let s be h(3). Calculate the greatest common factor of s and w.
5
Let r be (((-72)/10)/((-12)/90))/1. What is the greatest common factor of 27 and r?
27
Suppose -10 = -j - 4*j. Let g be j/(-8) - (-99)/(-4). Let h = g + 38. Calculate the greatest common factor of h and 13.
13
Let r = 309 + -116. Suppose -5 - r = -2*c. Calculate the greatest common divisor of 9 and c.
9
Let c = -19 + 39. Let k(x) = -x**2 + 6*x - 2. Let b be k(5). Suppose v - 3*v = -o - 165, b*v + o = 235. What is the greatest common divisor of v and c?
20
Let z be (4 - 7 - -1) + 102. Calculate the greatest common factor of z and 20.
20
Let n = -1 - -6. Let g be (1 - -1 - 1)*2. Suppose -2*m + 0*i + 4*i + 22 = 0, 1 = g*m + 3*i. What is the highest common divisor of m and n?
5
Let u(x) = x**3 - 3*x**2 - 7*x + 4. Let v be u(5). What is the greatest common divisor of v and 209?
19
Let m = -60 - -135. What is the highest common factor of m and 15?
15
Let f(d) be the first derivative of 8*d**3/3 - 5*d**2/2 + d - 3. Let b be f(5). What is the highest common factor of b and 22?
22
Let x be (1/(-2))/(2/(-24)). Let o(a) = a**2 - 5*a + 6. Let z be o(6). Calculate the highest common divisor of x and z.
6
Let q be (-98)/(-7) + -3 + 3. Let a be 44 - 0/(-2) - 2. Calculate the highest common factor of q and a.
14
Let z be 4 - (-5)/((-20)/(-64)). Calculate the greatest common factor of 160 and z.
20
Let w(x) = -6*x - 3. Let d be w(-2). Suppose 2*y - 22 = -0*g + 4*g, 0 = -4*y - 5*g - 21. Let h = y - -5. Calculate the highest common factor of d and h.
3
Let n be -1 + (75 - (4 - 0)). Let w be 72/10 + 1/(-5). What is the greatest common divisor of n and w?
7
Let g(s) = -s + 8. Let b be g(6). Let l(c) = -2*c - 4. Let k be l(-4). Suppose r = k*r - 24. What is the highest common divisor of b and r?
2
Suppose 0 = 4*h - 2*h - 2*o - 52, -3*h - 2*o = -68. Suppose 3*q - 261 = h. What is the greatest common divisor of q and 38?
19
Let x(u) = u**2 - u. Let k be x(4). Suppose -2*q + f + 95 = 2*q, -2*q + 45 = -3*f. What is the highest common divisor of q and k?
12
Let d be 4/(-30) + 1808/60. What is the greatest common divisor of d and 45?
15
Let z be 2/((-6)/(-9)) - 3. Suppose 0 = 5*d - z*d - 50. Calculate the greatest common factor of d and 80.
10
Let i(p) be the second derivative of p**4/6 + 2*p**3/3 - 3*p**2/2 + p. Let r be i(3). What is the highest common factor of r and 18?
9
Let v = 1 - 3. Let c = 7 - v. What is the greatest common factor of 6 and c?
3
Let h(u) = -u**2 - 12*u - 10. Let n be h(-9). What is the highest common divisor of 34 and n?
17
Let w(r) = 3*r - 7. Let b be w(3). Suppose -3 = -3*l - 0. What is the highest common factor of b and l?
1
Suppose 25*z = 23*z + 18. Calculate the highest common factor of 45 and z.
9
Let i be -3 - (-28)/(8 - 4). Suppose 96 = 5*c - 4. What is the greatest common factor of c and i?
4
Let j(a) = a**2 + 2*a - 2. Let s be j(-3). What is the highest common divisor of s and 8?
1
Let b(k) = 29*k + 11. Let u be b(-8). Let o = -95 - u. Suppose 9 = 5*t - 61. Calculate the greatest common factor of o and t.
14
Suppose 3*n = -4*a + 340, -63 - 107 = -2*a - 2*n. What is the greatest common divisor of a and 17?
17
Suppose 5*s = 10, b + 3*s = 18 + 4. Let z = 24 - 47. Let w = z - -167. What is the highest common divisor of b and w?
16
Let q(g) = 5*g**2 + 3*g - 3. Let o be q(2). Calculate the highest common divisor of o and 23.
23
Let a be (-1)/4*(-72 - -4). Calculate the greatest common factor of a and 51.
17
Let r be (7 + -1)*8/16. Suppose 0 = m - 3*m - r*x - 15, 3*x + 15 = -m. Let h be (3 + -5 - m)*-5. What is the greatest common divisor of h and 30?
10
Let k(p) = -3*p**3 - p**2. Let t be k(-2). Suppose -4*l + l = -24. What is the greatest common factor of l and t?
4
Let r be -2 + 1 + (-134)/(-2). Let p(z) = 3*z - 48. Let h be p(18). What is the greatest common factor of h and r?
6
Suppose -y - 5*s = -36, y - 20 - 12 = -3*s. Calculate the highest common divisor of 91 and y.
13
Let w(z) = z**3 - 2*z**2 - 5*z + 6. Let s be (-1 + 11)/(4 + -2). Let u be w(s). What is the highest common factor of u and 7?
7
Suppose z - 1 = -2*j - 3, -4*j = 12. Let k(q) = 2*q**2 + 2. Let m be k(2). What is the highest common divisor of m and z?
2
Let g(z) = 2*z - 4. Let b be g(6). Suppose -5*o + 5*l = 70, 30 = -5*o - 3*l - 0*l. Let h = o + 17. Calculate the greatest common factor of h and b.
8
Suppose -4*t + 3*t = 0. Suppose -k - 19 = 5*w, 0 = -0*k + k + 3*w + 11. Let c be (-2)/k - (-22 + t). What is the highest common factor of c and 160?
20
Let u(r) = 98*r**2 - 2*r - 1. Let p be u(-1). What is the greatest common divisor of p and 11?
11
Let j be (-2)/8 - (-126)/56. Suppose -5*s + j*s + 135 = 0. What is the greatest common divisor of s and 18?
9
Let w(o) = o**3 - 4*o**2 - 5*o + 3. Let y be w(5). Suppose y*b = 4*b - 16. Suppose s + s = b. What is the greatest common factor of 8 and s?
8
Let p be 2/6 + 222/9. Suppose -a + h = -690 + 93, -3*h + 2416 = 4*a. Let w be 3/(-9) + a/3. What is the highest common divisor of p and w?
25
Let k(j) = 6*j**2 - 2. Let q be -3 + 2 + 3 - -1. Let g be k(q). What is the greatest common divisor of g and 13?
13
Let v(l) = l**2 + 3*l - 2. Let o be v(-4). Suppose 0 = -o*z + 6*z - 8. Suppose -3*x - z*x = -110. Calculate the highest common factor of x and 55.
11
Suppose 5*w - 18 = 4*w. What is the greatest common divisor of 90 and w?
18
Suppose 91 = -5*o + 4*k, 0*o = o + 4*k - 1. Let r = 19 + o. Calculate the highest common divisor of r and 4.
4
Suppose 3*v = 71 + 28. What is the highest common factor of 231 and v?
33
Let r(z) = 33*z - 2. Let k be r(2). Suppose -k = -u - u. Suppose 3*x - 30 - 9 = -3*p, p - 4*x + 12 = 0. What is the greatest common divisor of u and p?
8
Let f(u) = -u - 6*u**2 + 2*u + 3 - 2*u. Let h be f(-3). Let n be ((-1)/(-2))/((-3)/h). What is the greatest common divisor of n and 8?
8
Let b = -101 - -129. What is the greatest common divisor of b and 84?
28
Let v(n) = n**3 + 10*n**2 + 13*n + 8. Let a be v(-9). Let h = a - 20. Let z = -23 - h. What is the greatest common divisor of 10 and z?
5
Let b = 0 + 4. Suppose l = -b*l + 115. Calculate the highest common factor of 207 and l.
23
Let i be 1 - -4*(-1)/(-1). Suppose n = i + 13. Suppose -57 = -4*u - 5*t, -35 - 22 = -3*u + t. What is the highest common factor of u and n?
18
Let s(c) = 5*c - 2. Let a be s(4). What is the highest common divisor of a and 9?
9
Let j(c) = -2*c + 3. Let f(u) = u - 2. Let t(b) 